 16*d - 15. Determine q(-6).
-75
Let p(v) = 80*v**3 + 1798*v**2 - 975*v - 144. Calculate p(-23).
63
Let b(t) = -2050*t**2 - 51247*t + 101. Give b(-25).
26
Let w(n) = -n**3 + 151*n**2 + 189*n - 5508. What is w(152)?
116
Let b(m) = 2*m**3 - 2376*m**2 + 7367*m - 5926701. Give b(1187).
-10
Let u(g) = -381*g - 21384. Give u(-56).
-48
Let h(t) = 1145*t - 19555. Give h(17).
-90
Let x(p) = -p**3 + 14*p**2 + 280*p - 3489. Determine x(11).
-46
Let b(z) = -z**3 - 242*z**2 - 8404*z - 196. What is b(-42)?
-28
Let w(r) = -6571562*r - 39429371. Calculate w(-6).
1
Let k(b) = 554*b**2 + 5092*b + 956. Determine k(-9).
2
Let m(x) = x**3 - 56*x**2 + 125*x - 491. Calculate m(54).
427
Let d(s) = -44509*s + 311547. Calculate d(7).
-16
Let w(y) = 4055*y - 24598. Calculate w(6).
-268
Let s(k) = -2*k**3 + 33*k**2 - 175*k - 91. Calculate s(7).
-385
Let l(o) = 13*o**3 + 9*o**2 - 37*o + 27. Calculate l(1).
12
Let v(c) = -10*c**3 + 12*c**2 + 64*c + 207. Determine v(-4).
783
Let v(u) = -u**3 + 112*u**2 - 1451*u - 22657. Calculate v(94).
-3
Let v(z) = 2134*z + 142968. What is v(-67)?
-10
Let p(i) = -20*i**2 - 3367*i + 2232. Calculate p(-169).
35
Let r(s) = s**2 - 425*s + 40615. Determine r(145).
15
Let c(i) = -2707*i - 15293. What is c(-6)?
949
Let g(m) = 20*m**2 + 142*m + 258. What is g(-3)?
12
Let c(s) = 9295*s + 632063. Give c(-68).
3
Let h(a) = -34*a**2 + 12545*a + 822. What is h(369)?
453
Let o(w) = -567*w - 1632. Give o(-2).
-498
Let k(i) = -8*i**3 - 34*i**2 + 9*i + 110. Give k(-5).
215
Let w(g) = -g**3 + 18*g**2 + 111*g - 34. What is w(22)?
472
Let l(u) = 54087*u + 649053. Calculate l(-12).
9
Let h(y) = y**3 - 45*y**2 + 160*y - 2455. What is h(44)?
2649
Let y(l) = -l**3 - 39*l**2 - 113*l - 5. Give y(-38).
2845
Let i(p) = -302*p - 172149. Give i(-570).
-9
Let c(o) = -3013*o - 156669. Determine c(-52).
7
Let q(i) = i**3 - 61*i**2 - 1673*i + 102041. Calculate q(61).
-12
Let q(o) = o**3 - 39*o**2 + 178*o - 6935. What is q(39)?
7
Let k(f) = -f**3 - 3279*f + 13133. Calculate k(4).
-47
Let x(a) = -2*a**2 - 498*a + 23608. Give x(40).
488
Let t(f) = -2*f**3 + 551*f**2 + 1890*f + 17572. Calculate t(279).
-5
Let s(x) = 7*x**3 + 2*x**2 + 86*x + 363. Determine s(-6).
-1593
Let j(r) = -167*r**3 + 55*r**2 - 35*r - 90. Give j(-1).
167
Let z(n) = 7*n**2 - 276*n - 1994. Give z(45).
-239
Let l(s) = s**2 - 784*s + 152371. Give l(356).
3
Let f(p) = 5743*p + 57801. Give f(-10).
371
Let j(y) = -107446*y + 322334. Give j(3).
-4
Let v(q) = 860*q - 24. Determine v(1).
836
Let k(o) = o**2 + 121102*o - 3149331. Calculate k(26).
-3
Let z(t) = 288*t**2 - 46943*t - 167. What is z(163)?
-4
Let b(m) = -1034*m + 33056. Give b(37).
-5202
Let j(d) = -2*d**3 + 89*d**2 - 27*d + 456. What is j(44)?
1204
Let x(n) = n**2 + 99*n - 4879. Give x(43).
1227
Let q(v) = -9*v**3 + 86*v**2 - 11*v - 48. What is q(8)?
760
Let d(y) = -179*y + 4951. Determine d(34).
-1135
Let h(c) = 895*c - 101142. Calculate h(113).
-7
Let y(z) = -198*z + 160. Determine y(7).
-1226
Let m(t) = 4*t**3 + 50*t**2 + 166*t + 1695. What is m(-12)?
-9
Let s(v) = -28*v**2 + 199*v + 627. Calculate s(10).
-183
Let z(q) = q**3 + 60*q**2 - 676*q - 304. Calculate z(10).
-64
Let u(t) = -t**2 + 3203*t - 286234. Calculate u(92).
-22
Let k(u) = -52*u**2 - 136*u - 10. Give k(6).
-2698
Let w(o) = -3*o**2 + 315*o + 10231. Give w(131).
13
Let z(m) = 4*m**2 - 10512*m - 94781. What is z(-9)?
151
Let s(q) = -4*q**3 - 63*q**2 - 443*q - 644. Give s(-5).
496
Let g(p) = p**3 + 20*p**2 + 14*p + 860. What is g(-21)?
125
Let f(u) = -4*u**2 - 13398*u + 1167722. What is f(85)?
-8
Let u(l) = 72*l + 2480. Give u(-31).
248
Let f(t) = 4476*t + 17922. Determine f(-4).
18
Let y(a) = 13928*a + 944. Determine y(0).
944
Let m(y) = -500*y - 16019. What is m(-32)?
-19
Let x(m) = m**3 - 19*m**2 - 913*m + 593. Give x(41).
142
Let t(d) = 168*d**2 - 4172*d - 176. Calculate t(25).
524
Let s(q) = 106*q - 36453. Give s(336).
-837
Let q(f) = 52*f**2 - 1814*f + 10159. Calculate q(28).
135
Let l(o) = 2*o**3 + 231*o**2 + 2837*o - 46. Determine l(-14).
24
Let a(g) = -819*g - 394737. Determine a(-482).
21
Let i(b) = -5498524*b - 10997028. Determine i(-2).
20
Let z(s) = -s**2 - 1309*s - 27013. Calculate z(-21).
35
Let q(k) = 3*k**3 + 65*k**2 + 47*k - 45. Calculate q(-20).
1015
Let p(j) = -j**3 + 340*j**2 - 24815*j - 27019. Give p(233).
9
Let q(g) = 17*g**2 - 19*g - 69. Calculate q(9).
1137
Let w(n) = -7*n**3 + 295*n**2 + 563*n + 396. What is w(44)?
0
Let r(j) = -j**2 + 7379*j - 598389. What is r(82)?
-35
Let l(n) = n**2 + 31*n - 1287. Calculate l(-47).
-535
Let c(h) = -313*h + 15514. What is c(51)?
-449
Let l(h) = -289219*h + 1156773. Determine l(4).
-103
Let x(i) = -i**3 - 68*i**2 - 5325*i - 352284. Give x(-67).
2
Let n(s) = 91983*s - 1379787. What is n(15)?
-42
Let u(f) = 25*f**2 - 2071*f + 789. Give u(82).
-933
Let m(u) = -8275*u - 1216416. Give m(-147).
9
Let q(s) = 3*s**2 - 2721*s - 8178. What is q(-3)?
12
Let g(h) = -h**2 + 9*h + 33. Determine g(-5).
-37
Let d(y) = -2*y**3 + 41*y**2 + 2018*y - 41943. Give d(21).
-6
Let a(i) = 66*i**2 - 5*i + 146. Determine a(0).
146
Let x(c) = c**3 + 340*c**2 - 59*c - 21630. What is x(-340)?
-1570
Let r(f) = 38*f**3 + 986*f**2 - 74*f - 556. Give r(-26).
16
Let g(b) = -8902*b - 44511. Calculate g(-5).
-1
Let w(x) = 13058*x - 352366. What is w(27)?
200
Let u(c) = c**3 - 42*c**2 + 90*c - 2090. Determine u(41).
-81
Let u(w) = 17*w**2 - 6393*w + 329. What is u(376)?
-47
Let o(v) = -v**3 - 2*v**2 + 183*v + 826. Give o(-11).
-98
Let y(x) = -7337*x + 124736. Calculate y(17).
7
Let i(v) = 2151*v + 40848. Give i(-19).
-21
Let x(y) = -27*y**2 + 611*y - 2574. Calculate x(17).
10
Let c(w) = w**2 - 177*w - 136. Determine c(0).
-136
Let z(w) = 26*w + 7934. Determine z(-339).
-880
Let q(b) = -676*b**2 + 10810*b + 113. What is q(16)?
17
Let c(g) = -26*g**2 - 14140*g - 70717. Determine c(-5).
-667
Let n(c) = 2131*c + 6229. Calculate n(-3).
-164
Let y(x) = -6057*x**2 - 12109*x + 10. Determine y(-2).
0
Let f(h) = -h**3 - 29*h**2 - 72*h - 1309. Calculate f(-25).
-2009
Let y(v) = -v**3 + 8*v**2 + 3139*v + 3131. Determine y(-1).
1
Let g(l) = -565*l**2 + 4686*l + 3569. Calculate g(9).
-22
Let x(l) = -689*l + 54250. Determine x(80).
-870
Let a(h) = 86*h**2 + 2634*h - 987. Determine a(-31).
5
Let b(v) = -v**2 - 5894*v - 35314. Calculate b(-6).
14
Let y(b) = b**3 + 15*b**2 + 80*b - 36. Calculate y(-8).
-228
Let f(l) = -l**2 + 4649*l + 562561. Determine f(-118).
55
Let k(g) = 566*g - 16832. What is k(30)?
148
Let j(n) = -3*n**3 - 93*n**2 + 66*n - 684. What is j(-32)?
276
Let j(t) = 6*t**2 - 620*t + 14466. Give j(56).
-1438
Let z(d) = -d**2 + 5513*d + 77449. What is z(-14)?
71
Let f(y) = -26*y**2 + 21111*y - 124927. Calculate f(806).
3
Let z(u) = 2347*u + 15835. Calculate z(-7).
-594
Let w(j) = 5*j**2 - 255*j - 264. Give w(52).
-4
Let n(j) = j**3 + 119*j**2 + 2722*j - 182. Determine n(-31).
4
Let f(n) = -137*n**2 + 30961*n + 268. What is f(226)?
42
Let m(v) = -v**2 + 157*v - 617. Calculate m(4).
-5
Let x(y) = -54904*y + 384318. Give x(7).
-10
Let l(v) = -5*v**2 - 1342*v + 16805. Determine l(12).
-19
Let k(z) = 3*z**3 + 2*z**2 + 293*z - 904. Determine k(3).
74
Let m(f) = -11*f**2 - 14702*f - 14700. Calculate m(-1).
-9
Let i(v) = 1389*v**2 + 83327*v - 780. Determine i(-60).
0
Let m(d) = 371595*d + 1114797. Determine m(-3).
12
Let b(a) = 9*a**2 - 39*a - 123. Determine b(-3).
75
Let s(g) = -76*g**2 - 87*g + 275. What is s(3)?
-670
Let a(h) = -6*h**3 - 26*h**2 + 38*h + 48. Determine a(-5).
-42
Let p(m) = 5264*m - 542203. What is p(103)?
-11
Let o(a) = a**3 - 4*a**2 - 792*a + 3221. What is o(4)?
53
Let q(r) = 731*r**2 - 280*r + 8. What is q(3)?
5747
Let l(m) = m**2 - 4887*m - 137605. What is l(-28)?
15
Let o(b) = -b**3 - 9*b**2 + 136*b - 152. What is o(-16)?
-536
Let u(h) = -197*h**2 - 13397*h - 92. Calculate u(-68).
-24
Let t(q) = -2*q**3 + 433*q**2 - 1514*q + 4918. Determine t(213).
19
Let o(d) = 2*d**3 - 52*d**2 - 540*d - 127. Give o(34).
9
Let j(r) = r**2 - 1069*r + 133963. Give j(145).
-17
Let p(x) = x**3 + 7*x**2 + 1095*x + 4376. Give p(-4).
44
Let o(b) = -b**3 + 295*b**2 + 2725*b - 147. Calculate o(-9).
-48
Let l(n) = 2*n**3 - 128*n**2 - 11393*n - 716. Determine l(114).
82
Let x(j) = 62*j**2 + 6103*j - 3474. What is x(-99)?
-9
Let r(o) = 428*o - 91584. Determine r(214).
8
Let z(